{"id":132,"date":"2020-04-26T08:22:07","date_gmt":"2020-04-26T08:22:07","guid":{"rendered":"http:\/\/ssn.com.np\/?page_id=132"},"modified":"2020-04-26T08:22:07","modified_gmt":"2020-04-26T08:22:07","slug":"resident-portal","status":"publish","type":"page","link":"https:\/\/ssn.com.np\/?page_id=132","title":{"rendered":"RESIDENT PORTAL"},"content":{"rendered":"<p><strong>SSN Journal CLUB<\/strong><\/p>\n<p>Journal club (JC) is a well-recognized education tool for many postgraduate medical education programs. It helps residents learn critical analytic skills and keep up to date with current clinical practices.<\/p>\n<p>&nbsp;<\/p>\n<p><strong>Journal Club Presentation<\/strong><\/p>\n<ul>\n<li><a href=\"https:\/\/pharm.virginia.edu\/files\/2014\/03\/JournalClubTips.pdf\" target=\"_blank\" rel=\"noopener noreferrer\">Journal Club Tips<\/a><\/li>\n<li><a href=\"http:\/\/www.hematology.org\/Thehematologist\/Features\/1308.aspx\" target=\"_blank\" rel=\"noopener noreferrer\">How to Prepare an Outstanding Journal Club Presentation<\/a><\/li>\n<li><a href=\"http:\/\/users2.unimi.it\/vas\/images\/docs\/2_How%20to%20prepare%20for%20and%20present%20at%20a%20journal%20club.pdf\" target=\"_blank\" rel=\"noopener noreferrer\">Presenting in Journal Club<\/a><\/li>\n<li><a href=\"https:\/\/drive.google.com\/open?id=0BxInONt6edBFWWExdFd3NlBHYm8\">How to evaluate a scientific article? Dr Bhojraj Luitel<\/a><\/li>\n<\/ul>\n<h2>2016<\/h2>\n<ul>\n<li>\u00a0\u00a0\u00a0\u00a0\u00a0\u00a0\u00a0\u00a0\u00a0\u00a0\u00a0\u00a0\u00a0\u00a0 Week 32,<\/li>\n<\/ul>\n<p><a href=\"http:\/\/www.journalofmas.com\/downloadpdf.asp?issn=0972-9941;year=2005;volume=1;issue=2;spage=53;epage=58;aulast=Nagral;type=2\" target=\"_blank\" rel=\"noopener noreferrer\">Anatomy relevant to cholecystectomy. Sanjay Nagral April-June 2005, 1(2):53-58<\/a><\/p>\n<ul>\n<li>\u00a0\u00a0\u00a0\u00a0\u00a0\u00a0\u00a0\u00a0\u00a0\u00a0\u00a0\u00a0\u00a0\u00a0 Week 33,<\/li>\n<\/ul>\n<p><a href=\"http:\/\/validation%20of%20an%20algorithm%20to%20predict%20reulceration%20in%20amputation%20patients%20with%20diabetes.\/\" target=\"_blank\" rel=\"noopener noreferrer\">Validation of an algorithm to predict reulceration in amputation\u00a0\u00a0\u00a0 patients with diabetes. Molines-Barroso RJ1, L\u00e1zaro-Mart\u00ednez JL1, \u00c1lvaro-Afonso FJ1; Int Wound J. 2016 Aug 9.<\/a><\/p>\n<ul>\n<li>Week 34,<\/li>\n<\/ul>\n<p><a href=\"http:\/\/case.edu\/medicine\/uhsurgery\/media\/school-of-medicine\/uh-surgery\/documents\/pdfs\/journal-club-articles\/2015\/march\/Updated_March_2015(3).pdf\" target=\"_blank\" rel=\"noopener noreferrer\">Nonsteroidal Anti-inflammatory Drugs and the Risk for Anastomotic Failure. Timo W. Hakkarainen, Scott R. Steele, Amir Bastaworous. JAMA Surg . doi:10.1001\/jamasurg.2014.2239<\/a><\/p>\n<ul>\n<li>Week 35,<\/li>\n<\/ul>\n<p><a href=\"http:\/\/www.annalsthoracicsurgery.org\/article\/S0003-4975(11)01409-3\/pdf\" target=\"_blank\" rel=\"noopener noreferrer\">Safety and Effectiveness of a New Fibrin Pleural Air Leak Sealant: A Multicenter, Controlled, Prospective, Parallel-Group, Randomized Clinical Trial. Gonfiotti A1, Santini PF, Jaus M, J etal<\/a><\/p>\n<p>&nbsp;<\/p>\n<ul>\n<li>Week 36,<\/li>\n<\/ul>\n<p><a href=\"http:\/\/www.journalofmas.com\/downloadpdf.asp?issn=0972-9941;year=2016;volume=12;issue=2;spage=118;epage=123;aulast=Jani;type=2\" target=\"_blank\" rel=\"noopener noreferrer\">Randomised controlled trial of n-butyl cyanoacrylate glue fixation versus suture fixation of mesh in laparoscopic totally extraperitoneal hernia repair. Kalpesh Jani, Journal of Minimal Access Surgery, April-June 2<\/a><\/p>\n<ul>\n<li>Week 37,<\/li>\n<\/ul>\n<p>&nbsp;<\/p>\n<p>Journal Club Resources:<\/p>\n<ul>\n<li><a href=\"http:\/\/case.edu\/medicine\/uhsurgery\/education\/journal-club\/\" target=\"_blank\" rel=\"noopener noreferrer\">Case Western Reserve University<\/a><\/li>\n<li><a href=\"http:\/\/journals.lww.com\/annalsofsurgery\/blog\/annalsofsurgeryjournalclub\/Pages\/default.aspx\" target=\"_blank\" rel=\"noopener noreferrer\">Annals of Surgery<\/a><\/li>\n<li><a href=\"http:\/\/www.mdlinx.com\/surgery\/news.cfm\" target=\"_blank\" rel=\"noopener noreferrer\">MDLinx<\/a><\/li>\n<\/ul>\n","protected":false},"excerpt":{"rendered":"<p>SSN Journal CLUB Journal club (JC) is a well-recognized education tool for many postgraduate medical education programs. It helps residents learn critical analytic skills and keep up to date with current clinical practices. &nbsp; Journal Club Presentation Journal Club Tips How to Prepare an Outstanding Journal Club Presentation Presenting in Journal Club How to evaluate [&hellip;]<\/p>\n","protected":false},"author":1,"featured_media":0,"parent":0,"menu_order":0,"comment_status":"closed","ping_status":"closed","template":"","meta":{"footnotes":""},"_links":{"self":[{"href":"https:\/\/ssn.com.np\/index.php?rest_route=\/wp\/v2\/pages\/132"}],"collection":[{"href":"https:\/\/ssn.com.np\/index.php?rest_route=\/wp\/v2\/pages"}],"about":[{"href":"https:\/\/ssn.com.np\/index.php?rest_route=\/wp\/v2\/types\/page"}],"author":[{"embeddable":true,"href":"https:\/\/ssn.com.np\/index.php?rest_route=\/wp\/v2\/users\/1"}],"replies":[{"embeddable":true,"href":"https:\/\/ssn.com.np\/index.php?rest_route=%2Fwp%2Fv2%2Fcomments&post=132"}],"version-history":[{"count":1,"href":"https:\/\/ssn.com.np\/index.php?rest_route=\/wp\/v2\/pages\/132\/revisions"}],"predecessor-version":[{"id":133,"href":"https:\/\/ssn.com.np\/index.php?rest_route=\/wp\/v2\/pages\/132\/revisions\/133"}],"wp:attachment":[{"href":"https:\/\/ssn.com.np\/index.php?rest_route=%2Fwp%2Fv2%2Fmedia&parent=132"}],"curies":[{"name":"wp","href":"https:\/\/api.w.org\/{rel}","templated":true}]}}